{"id":1940,"date":"2024-01-30T12:18:31","date_gmt":"2024-01-30T12:18:31","guid":{"rendered":"https:\/\/kitchen-cabinets.bathrooms.webdevia.com\/?page_id=1940"},"modified":"2025-09-08T12:48:00","modified_gmt":"2025-09-08T12:48:00","slug":"architekt","status":"publish","type":"page","link":"https:\/\/meble.zetbeer.pl\/index.php\/architekt\/","title":{"rendered":"dowolny projekt \u2013 bez ogranicze\u0144"},"content":{"rendered":"\n<div class=\"wp-block-group has-global-padding is-layout-constrained wp-block-group-is-layout-constrained\">\n<div class=\"wp-block-group has-global-padding is-content-justification-left is-layout-constrained wp-container-core-group-is-layout-f88c4225 wp-block-group-is-layout-constrained\">\n<h3 class=\"wp-block-heading has-text-align-left\" style=\"line-height:1.2\">Twoja wizja jest punktem wyj\u015bcia. My znajdziemy spos\u00f3b, by j\u0105 zrealizowa\u0107.<\/h3>\n\n\n\n<p class=\"has-text-align-left\" style=\"margin-top:var(--wp--preset--spacing--20)\">Twoja wizja jest punktem wyj\u015bcia. My znajdziemy spos\u00f3b, by j\u0105 zrealizowa\u0107.<\/p>\n\n\n\n<div style=\"height:1vw\" aria-hidden=\"true\" class=\"wp-block-spacer\"><\/div>\n<\/div>\n\n\n\n<div class=\"wp-block-columns is-layout-flex wp-container-core-columns-is-layout-28f84493 wp-block-columns-is-layout-flex\">\n<div class=\"wp-block-column is-layout-flow wp-block-column-is-layout-flow\">\n<figure class=\"wp-block-image size-full is-resized\"><img decoding=\"async\" src=\"https:\/\/marbleo.webdevia.com\/wp-content\/uploads\/2023\/07\/icon-measure-tape.svg\" alt=\"\" class=\"wp-image-900\" style=\"width:75px;height:75px\"\/><\/figure>\n\n\n\n<h4 class=\"wp-block-heading\" style=\"margin-top:var(--wp--preset--spacing--20);margin-bottom:var(--wp--preset--spacing--20)\"><strong>bezkompromisowa jako\u015b\u0107<\/strong><\/h4>\n\n\n\n<p style=\"margin-top:0;margin-bottom:0\">tworzymy meble z precyzj\u0105 i dba\u0142o\u015bci\u0105 o ka\u017cdy detal &#8211; od projektu po monta\u017c.<\/p>\n<\/div>\n\n\n\n<div class=\"wp-block-column is-layout-flow wp-block-column-is-layout-flow\">\n<figure class=\"wp-block-image size-full is-resized\"><img decoding=\"async\" src=\"https:\/\/marbleo.webdevia.com\/wp-content\/uploads\/2023\/07\/icon-graphic-design.svg\" alt=\"\" class=\"wp-image-892\" style=\"width:70px;height:75px\"\/><\/figure>\n\n\n\n<h4 class=\"wp-block-heading\" style=\"margin-top:var(--wp--preset--spacing--20);margin-bottom:var(--wp--preset--spacing--20)\"><strong>niepowtarzalne projekty<\/strong><\/h4>\n\n\n\n<p style=\"margin-top:0;margin-bottom:0\">Poznaj r\u00f3\u017cnic\u0119 dzi\u0119ki naszej kompleksowej obs\u0142udze &#8211; od precyzyjnego planowania kuchni, przez indywidualny projekt.<\/p>\n<\/div>\n\n\n\n<div class=\"wp-block-column is-layout-flow wp-block-column-is-layout-flow\">\n<figure class=\"wp-block-image size-full is-resized\"><img decoding=\"async\" src=\"https:\/\/marbleo.webdevia.com\/wp-content\/uploads\/2023\/07\/icon-architec.svg\" alt=\"\" class=\"wp-image-898\" style=\"width:75px;height:75px\"\/><\/figure>\n\n\n\n<h4 class=\"wp-block-heading\" style=\"margin-top:var(--wp--preset--spacing--20);margin-bottom:var(--wp--preset--spacing--20)\"><strong>nieograniczony wyb\u00f3r materia\u0142\u00f3w<\/strong><\/h4>\n\n\n\n<p style=\"margin-top:0;margin-bottom:0\">drewno, fornir, spiek, stal, szk\u0142o, metal &#8211; wykonamy mebel z dowolnego materia\u0142u.<\/p>\n<\/div>\n<\/div>\n\n\n\n<div class=\"wp-block-columns is-layout-flex wp-container-core-columns-is-layout-28f84493 wp-block-columns-is-layout-flex\">\n<div class=\"wp-block-column is-layout-flow wp-block-column-is-layout-flow\">\n<figure class=\"wp-block-image size-full is-resized\"><img decoding=\"async\" src=\"https:\/\/marbleo.webdevia.com\/wp-content\/uploads\/2023\/07\/icon-measure-tape.svg\" alt=\"\" class=\"wp-image-900\" style=\"width:75px;height:75px\"\/><\/figure>\n\n\n\n<h4 class=\"wp-block-heading\" style=\"margin-top:var(--wp--preset--spacing--20);margin-bottom:var(--wp--preset--spacing--20)\"><strong>pe\u0142na personalizacja<\/strong><\/h4>\n\n\n\n<p style=\"margin-top:0;margin-bottom:0\">ka\u017cdy wymiar, kszta\u0142t i wyko\u0144czenie dopasowane do Twojego projektu.<\/p>\n<\/div>\n\n\n\n<div class=\"wp-block-column is-layout-flow wp-block-column-is-layout-flow\">\n<figure class=\"wp-block-image size-full is-resized\"><img decoding=\"async\" src=\"https:\/\/marbleo.webdevia.com\/wp-content\/uploads\/2023\/07\/icon-graphic-design.svg\" alt=\"\" class=\"wp-image-892\" style=\"width:70px;height:75px\"\/><\/figure>\n\n\n\n<h4 class=\"wp-block-heading\" style=\"margin-top:var(--wp--preset--spacing--20);margin-bottom:var(--wp--preset--spacing--20)\"><strong>odpowiedzialne \u017ar\u00f3d\u0142a surowc\u00f3w<\/strong><\/h4>\n\n\n\n<p style=\"margin-top:0;margin-bottom:0\">pracujemy w zgodzie z natur\u0105, wybieraj\u0105c materia\u0142y ze sprawdzonych \u017ar\u00f3de\u0142.<\/p>\n<\/div>\n\n\n\n<div class=\"wp-block-column is-layout-flow wp-block-column-is-layout-flow\">\n<figure class=\"wp-block-image size-full is-resized\"><img decoding=\"async\" src=\"https:\/\/marbleo.webdevia.com\/wp-content\/uploads\/2023\/07\/icon-architec.svg\" alt=\"\" class=\"wp-image-898\" style=\"width:75px;height:75px\"\/><\/figure>\n\n\n\n<h4 class=\"wp-block-heading\" style=\"margin-top:var(--wp--preset--spacing--20);margin-bottom:var(--wp--preset--spacing--20)\"><strong>wsparcie ekspert\u00f3w<\/strong><\/h4>\n\n\n\n<p style=\"margin-top:0;margin-bottom:0\">od koncepcji po monta\u017c &#8211; wspieramy Ci\u0119 na ka\u017cdym etapie realizacji.<\/p>\n<\/div>\n<\/div>\n<\/div>\n\n\n\n<div style=\"height:3vw\" aria-hidden=\"true\" class=\"wp-block-spacer\"><\/div>\n\n\n\n<div class=\"wp-block-group has-global-padding is-layout-constrained wp-block-group-is-layout-constrained\">\n<div class=\"wp-block-columns is-layout-flex wp-container-core-columns-is-layout-28f84493 wp-block-columns-is-layout-flex\">\n<div class=\"wp-block-column is-layout-flow wp-block-column-is-layout-flow\">\n<figure class=\"wp-block-image size-full\"><img loading=\"lazy\" decoding=\"async\" width=\"2000\" height=\"2500\" src=\"http:\/\/meble.zetbeer.pl\/wp-content\/uploads\/2025\/08\/prydumano-design-z-76AW2WfEk-unsplash.jpg\" alt=\"asd10\" class=\"wp-image-3319\" srcset=\"https:\/\/meble.zetbeer.pl\/wp-content\/uploads\/2025\/08\/prydumano-design-z-76AW2WfEk-unsplash.jpg 2000w, https:\/\/meble.zetbeer.pl\/wp-content\/uploads\/2025\/08\/prydumano-design-z-76AW2WfEk-unsplash-240x300.jpg 240w, https:\/\/meble.zetbeer.pl\/wp-content\/uploads\/2025\/08\/prydumano-design-z-76AW2WfEk-unsplash-819x1024.jpg 819w, https:\/\/meble.zetbeer.pl\/wp-content\/uploads\/2025\/08\/prydumano-design-z-76AW2WfEk-unsplash-768x960.jpg 768w, https:\/\/meble.zetbeer.pl\/wp-content\/uploads\/2025\/08\/prydumano-design-z-76AW2WfEk-unsplash-1229x1536.jpg 1229w, https:\/\/meble.zetbeer.pl\/wp-content\/uploads\/2025\/08\/prydumano-design-z-76AW2WfEk-unsplash-1638x2048.jpg 1638w, https:\/\/meble.zetbeer.pl\/wp-content\/uploads\/2025\/08\/prydumano-design-z-76AW2WfEk-unsplash-600x750.jpg 600w\" sizes=\"auto, (max-width: 2000px) 100vw, 2000px\" \/><\/figure>\n<\/div>\n\n\n\n<div class=\"wp-block-column ticss-3bd55c70 is-layout-flow wp-block-column-is-layout-flow\" style=\"padding-top:8.1rem;padding-right:0;padding-bottom:3.38rem;padding-left:0;flex-basis:20%\">\n<div class=\"wp-block-group ml-300 ticss-7e31bba8 has-global-padding is-layout-constrained wp-block-group-is-layout-constrained\">\n<h3 class=\"wp-block-heading has-contrast-color has-text-color\" style=\"line-height:1.2\"><strong>w Zetbeer Meble wierzymy w partnersk\u0105 i transparentn\u0105 wsp\u00f3\u0142prac\u0119 z architektami oraz projektantami wn\u0119trz.<\/strong><\/h3>\n\n\n\n<ul class=\"wp-block-list\">\n<li>Rozumiemy, \u017ce ka\u017cdy projekt wymaga indywidualnego podej\u015bcia, dlatego dostosowujemy si\u0119 do Twojej wizji i estetyki, dbaj\u0105c o ka\u017cdy detal wykonania.<\/li>\n\n\n\n<li>Dzi\u0119ki zaawansowanemu parkowi maszynowemu &#8211; od pi\u0119cioosiowych CNC, przez CNC boczne, po nesting \u2013 mo\u017cemy zrealizowa\u0107 nawet najbardziej wymagaj\u0105ce koncepcje w dowolnym materiale.<\/li>\n\n\n\n<li>Wsp\u00f3\u0142pracuj\u0105c z nami, zyskujesz pewno\u015b\u0107, \u017ce Twoje projekty zostan\u0105 wykonane z najwy\u017csz\u0105 precyzj\u0105, na czas i w jako\u015bci, kt\u00f3ra podkre\u015bli Tw\u00f3j profesjonalizm.<\/li>\n\n\n\n<li>Razem tworzymy meble, kt\u00f3re staj\u0105 si\u0119 wizyt\u00f3wk\u0105 nie tylko wn\u0119trza, ale i projektanta.<\/li>\n<\/ul>\n<\/div>\n<\/div>\n<\/div>\n\n\n\n<div class=\"wp-block-group alignfull has-background has-global-padding is-layout-constrained wp-block-group-is-layout-constrained\" style=\"background-color:#fdf8f2;min-height:389px;margin-bottom:3vw\">\n<div class=\"wp-block-group alignwide has-global-padding is-layout-constrained wp-block-group-is-layout-constrained\">\n<div style=\"height:100px\" aria-hidden=\"true\" class=\"wp-block-spacer\"><\/div>\n\n\n\n<h5 class=\"wp-block-heading has-text-align-center has-text-color\" style=\"color:#6b7177;font-style:normal;font-weight:400\"><strong>Zainspiruj si\u0119 i podziel swoj\u0105 wizj\u0105 z nami!<\/strong><\/h5>\n\n\n\n<h2 class=\"wp-block-heading has-text-align-center has-text-color\" style=\"color:#0c1a13;margin-top:var(--wp--preset--spacing--20)\">Skontaktuj si\u0119 z nami i wy\u015blij sw\u00f3j projekt &#8211; zrealizujemy go z pasj\u0105 i precyzj\u0105.<\/h2>\n<\/div>\n\n\n\n<div class=\"wp-block-contact-form-7-contact-form-selector\">\n<div class=\"wpcf7 no-js\" id=\"wpcf7-f3196-o1\" lang=\"en-US\" dir=\"ltr\" data-wpcf7-id=\"3196\">\n<div class=\"screen-reader-response\"><p role=\"status\" aria-live=\"polite\" aria-atomic=\"true\"><\/p> <ul><\/ul><\/div>\n<form action=\"\/index.php\/wp-json\/wp\/v2\/pages\/1940#wpcf7-f3196-o1\" method=\"post\" class=\"wpcf7-form init\" aria-label=\"Contact form\" enctype=\"multipart\/form-data\" novalidate=\"novalidate\" data-status=\"init\">\n<fieldset class=\"hidden-fields-container\"><input type=\"hidden\" name=\"_wpcf7\" value=\"3196\" \/><input type=\"hidden\" name=\"_wpcf7_version\" value=\"6.1.5\" \/><input type=\"hidden\" name=\"_wpcf7_locale\" value=\"en_US\" \/><input type=\"hidden\" name=\"_wpcf7_unit_tag\" value=\"wpcf7-f3196-o1\" \/><input type=\"hidden\" name=\"_wpcf7_container_post\" value=\"0\" \/><input type=\"hidden\" name=\"_wpcf7_posted_data_hash\" value=\"\" \/>\n<\/fieldset>\n<label> Imi\u0119\n    <span class=\"wpcf7-form-control-wrap\" data-name=\"your-name\"><input size=\"40\" maxlength=\"400\" class=\"wpcf7-form-control wpcf7-text wpcf7-validates-as-required\" autocomplete=\"name\" aria-required=\"true\" aria-invalid=\"false\" value=\"\" type=\"text\" name=\"your-name\" \/><\/span> <\/label>\n\n<label> Email\n    <span class=\"wpcf7-form-control-wrap\" data-name=\"your-email\"><input size=\"40\" maxlength=\"400\" class=\"wpcf7-form-control wpcf7-email wpcf7-validates-as-required wpcf7-text wpcf7-validates-as-email\" autocomplete=\"email\" aria-required=\"true\" aria-invalid=\"false\" value=\"\" type=\"email\" name=\"your-email\" \/><\/span> <\/label>\n\n<label> Temat\n    <span class=\"wpcf7-form-control-wrap\" data-name=\"your-subject\"><input size=\"40\" maxlength=\"400\" class=\"wpcf7-form-control wpcf7-text wpcf7-validates-as-required\" aria-required=\"true\" aria-invalid=\"false\" value=\"\" type=\"text\" name=\"your-subject\" \/><\/span> <\/label>\n\n<label> Twoja wiadomo\u015b\u0107\n    <span class=\"wpcf7-form-control-wrap\" data-name=\"your-message\"><textarea cols=\"40\" rows=\"10\" maxlength=\"2000\" class=\"wpcf7-form-control wpcf7-textarea\" aria-invalid=\"false\" name=\"your-message\"><\/textarea><\/span> <\/label>\n\n<span class=\"wpcf7-form-control-wrap\" data-name=\"file-958\"><input size=\"40\" class=\"wpcf7-form-control wpcf7-file\" accept=\"audio\/*,video\/*,image\/*\" aria-invalid=\"false\" type=\"file\" name=\"file-958\" \/><\/span>\n\n\n\n<input class=\"wpcf7-form-control wpcf7-submit has-spinner\" type=\"submit\" value=\"Submit\" \/><p style=\"display: none !important;\" class=\"akismet-fields-container\" data-prefix=\"_wpcf7_ak_\"><label>&#916;<textarea name=\"_wpcf7_ak_hp_textarea\" cols=\"45\" rows=\"8\" maxlength=\"100\"><\/textarea><\/label><input type=\"hidden\" id=\"ak_js_1\" name=\"_wpcf7_ak_js\" value=\"143\"\/><script>\ndocument.getElementById( \"ak_js_1\" ).setAttribute( \"value\", ( new Date() ).getTime() );\n<\/script>\n<\/p><div class=\"wpcf7-response-output\" aria-hidden=\"true\"><\/div>\n<\/form>\n<\/div>\n<\/div>\n<\/div>\n<\/div>\n","protected":false},"excerpt":{"rendered":"<p>Twoja wizja jest punktem wyj\u015bcia. My znajdziemy spos\u00f3b, by j\u0105 zrealizowa\u0107. Twoja wizja jest punktem wyj\u015bcia. My znajdziemy spos\u00f3b, by j\u0105 zrealizowa\u0107. bezkompromisowa jako\u015b\u0107 tworzymy meble z precyzj\u0105 i dba\u0142o\u015bci\u0105 o ka\u017cdy detal &#8211; od projektu po monta\u017c. niepowtarzalne projekty Poznaj r\u00f3\u017cnic\u0119 dzi\u0119ki naszej kompleksowej obs\u0142udze &#8211; od precyzyjnego planowania kuchni, przez indywidualny projekt. nieograniczony [&hellip;]<\/p>\n","protected":false},"author":1,"featured_media":0,"parent":0,"menu_order":0,"comment_status":"closed","ping_status":"closed","template":"","meta":{"_custom_body_classes":"","wd_custom_header_options":"","wd_sticky_header":false,"wd_transparent_header":false,"wd_header_cap":false,"footnotes":""},"class_list":["post-1940","page","type-page","status-publish","hentry"],"_links":{"self":[{"href":"https:\/\/meble.zetbeer.pl\/index.php\/wp-json\/wp\/v2\/pages\/1940","targetHints":{"allow":["GET"]}}],"collection":[{"href":"https:\/\/meble.zetbeer.pl\/index.php\/wp-json\/wp\/v2\/pages"}],"about":[{"href":"https:\/\/meble.zetbeer.pl\/index.php\/wp-json\/wp\/v2\/types\/page"}],"author":[{"embeddable":true,"href":"https:\/\/meble.zetbeer.pl\/index.php\/wp-json\/wp\/v2\/users\/1"}],"replies":[{"embeddable":true,"href":"https:\/\/meble.zetbeer.pl\/index.php\/wp-json\/wp\/v2\/comments?post=1940"}],"version-history":[{"count":7,"href":"https:\/\/meble.zetbeer.pl\/index.php\/wp-json\/wp\/v2\/pages\/1940\/revisions"}],"predecessor-version":[{"id":3385,"href":"https:\/\/meble.zetbeer.pl\/index.php\/wp-json\/wp\/v2\/pages\/1940\/revisions\/3385"}],"wp:attachment":[{"href":"https:\/\/meble.zetbeer.pl\/index.php\/wp-json\/wp\/v2\/media?parent=1940"}],"curies":[{"name":"wp","href":"https:\/\/api.w.org\/{rel}","templated":true}]}}